e
Is 6578461 a composite number?
False
Is 5197823 a prime number?
True
Is 34639247 a composite number?
True
Is 10458509 prime?
True
Is 2645081 a prime number?
False
Is 614044293 composite?
True
Is 249774947 composite?
True
Is 1079627 composite?
True
Is 288019961 prime?
False
Is 80050709 a composite number?
False
Is 41275471 composite?
False
Is 44997761 a prime number?
True
Is 26435261 a composite number?
True
Is 50606999 composite?
False
Is 717538 a composite number?
True
Is 440214137 prime?
False
Is 276080941 prime?
False
Is 2163653 prime?
True
Is 789367 a prime number?
True
Is 5356501 a prime number?
True
Is 6925787 a prime number?
False
Is 77901323 a prime number?
False
Is 282043243 composite?
True
Is 2569349 a composite number?
True
Is 80121533 a prime number?
True
Is 8030437 a prime number?
True
Is 245107 prime?
True
Is 4483669 prime?
False
Is 3310253 composite?
False
Is 14393657 a prime number?
False
Is 377223383 a prime number?
False
Is 3793481 a prime number?
True
Is 2176753 prime?
True
Is 24781541 a composite number?
False
Is 30732853 prime?
False
Is 34638389 a composite number?
True
Is 136639 a prime number?
False
Is 994943 prime?
False
Is 111496309 composite?
True
Is 23923021 a prime number?
False
Is 145204562 prime?
False
Is 3741911 composite?
True
Is 258032861 a prime number?
True
Is 4730413 prime?
False
Is 9927667 a prime number?
True
Is 30584621 a prime number?
True
Is 1418549 prime?
False
Is 116549 a composite number?
False
Is 8524247 a prime number?
True
Is 18207479 a composite number?
False
Is 261182073 a prime number?
False
Is 4601837 prime?
False
Is 594226 a prime number?
False
Is 28240871 a composite number?
True
Is 103645001 a prime number?
True
Is 8663549 prime?
False
Is 1776581 prime?
True
Is 1380020309 a composite number?
True
Is 1848629 a composite number?
True
Is 2668619 a prime number?
True
Is 50775385 prime?
False
Is 23134557 prime?
False
Is 306558003 composite?
True
Is 84398953 a prime number?
True
Is 140924467 prime?
False
Is 32663629 prime?
True
Is 199158983 a prime number?
True
Is 1798081 composite?
False
Is 7372319 a prime number?
True
Is 144450193 a prime number?
True
Is 2944289 a composite number?
False
Is 24584722 composite?
True
Is 17091791 a composite number?
False
Is 273103 a prime number?
False
Is 10145113 a composite number?
True
Is 492082827 a composite number?
True
Is 40295757 a composite number?
True
Is 47768821 a prime number?
True
Is 58868737 a composite number?
False
Is 56932763 composite?
False
Is 87524923 prime?
False
Is 115793421 composite?
True
Is 44945147 prime?
False
Is 200484203 a prime number?
False
Is 1633529 a composite number?
True
Is 33072563 a prime number?
True
Is 1358537 a composite number?
False
Is 70236143 a prime number?
True
Is 2392619 prime?
True
Is 8033159 composite?
False
Is 535697 a prime number?
True
Is 9603067 prime?
True
Is 3965007 prime?
False
Is 13642867 composite?
True
Is 1250087 a composite number?
False
Is 553151 prime?
False
Is 61143763 prime?
False
Is 163465979 prime?
True
Is 1572143 a prime number?
False
Is 15250441 prime?
False
Is 429259 composite?
False
Is 12452233 prime?
False
Is 310873 a composite number?
True
Is 7464481 prime?
False
Is 313531 a prime number?
False
Is 881407 prime?
True
Is 1223893 prime?
False
Is 55030637 composite?
False
Is 5217617 a composite number?
True
Is 40056281 prime?
True
Is 106668173 composite?
False
Is 44514157 composite?
True
Is 35316727 a prime number?
False
Is 2944939 a prime number?
False
Is 9596017 prime?
True
Is 11085551 composite?
False
Is 65461301 a prime number?
True
Is 3832519 prime?
False
Is 689635 a prime number?
False
Is 752343127 composite?
False
Is 111556801 a composite number?
True
Is 54260095 composite?
True
Is 580373 a prime number?
True
Is 158165951 composite?
True
Is 3362917 prime?
True
Is 125637 composite?
True
Is 123315817 a composite number?
True
Is 3312121 a composite number?
True
Is 13861411 a prime number?
True
Is 3575357 composite?
False
Is 34165501 a prime number?
False
Is 15237617 composite?
True
Is 998787257 prime?
False
Is 2132371 composite?
False
Is 1916527 a prime number?
False
Is 64308281 a prime number?
True
Is 233759 composite?
False
Is 2643127 prime?
False
Is 466496011 composite?
True
Is 1393619 a composite number?
False
Is 129901751 a prime number?
False
Is 810907 a composite number?
False
Is 8797405 a composite number?
True
Is 15111599 a prime number?
True
Is 724079 a composite number?
False
Is 3727183 prime?
False
Is 122523727 a prime number?
False
Is 4202647 prime?
False
Is 176279 composite?
True
Is 4626695 a composite number?
True
Is 3056737 composite?
True
Is 61941703 a prime number?
True
Is 14416565 prime?
False
Is 16398599 prime?
False
Is 9606979 composite?
False
Is 559464319 prime?
False
Is 707678243 composite?
True
Is 13810769 prime?
False
Is 488171 composite?
False
Is 2886307 prime?
False
Is 32260829 prime?
True
Is 33198607 a composite number?
True
Is 14321599 a composite number?
True
Is 11535973 a composite number?
False
Is 1115831 a prime number?
True
Is 22163767 a prime number?
False
Is 172922083 prime?
True
Is 75158033 a prime number?
True
Is 3120671 prime?
True
Is 47459969 composite?
False
Is 2834519 prime?
False
Is 134924017 composite?
False
Is 16635091 prime?
False
Is 3511667 prime?
True
Is 84631238 composite?
True
Is 47485681 a prime number?
False
Is 1167329 a composite number?
False
Is 3300389 a prime number?
True
Is 15365279 prime?
False
Is 59077283 a composite number?
False
Is 7778891 prime?
True
Is 432949 composite?
True
Is 20030083 prime?
False
Is 13554007 a prime number?
False
Is 366677 a prime number?
True
Is 8669767 a prime number?
True
Is 69599381 a composite number?
False
Is 283950017 a prime number?
False
Is 56039 a prime number?
True
Is 1886347 a prime number?
True
Is 35910389 composite?
False
Is 11684549 a composite number?
True
Is 28946893 prime?
True
Is 440796427 prime?
True
Is 41280574 prime?
False
Is 3507143 composite?
False
Is 16848509 composite?
True
Is 2825447 a prime number?
True
Is 1698443 a composite number?
True
Is 73561 a prime number?
True
Is 50166653 composite?
False
Is 48441359 composite?
False
Is 46948429 a prime number?
False
Is 11337629 a composite number?
True
Is 15601097 composite?
False
Is 5058877 prime?
False
Is 304105821 a composite number?
True
Is 6098 a prime number?
False
Is 2857807 prime?
False
Is 36410921 a composite number?
True
Is 171719743 prime?
False
Is 4069654 a composite number?
True
Is 58499921 a composite number?
False
Is 41989081 a composite number?
False
Is 200077901 prime?
False
Is 13320491 prime?
True
Is 4697447 prime?
True
Is 101830301 prime?
True
Is 2510879 prime?
False
Is 13838467 a composite number?
True
Is 10327663 a composite number?
True
Is 6167731 composite?
False
Is 38345537 a composite number?
True
Is 8207471 a composite number?
False
Is 480742 a composite number?
True
Is 1691363 a composite number?
True
Is 729139 a prime number?
True
Is 46836271 prime?
True
Is 11859233 a composite number?
False
Is 3758479 prime?
False
Is 757241 prime?
True
Is 427279 composite?
False
Is 146852737 a prime number?
False
Is 2606023 composite?
True
Is 22820827 prime?
True
Is 54996177 a composite number?
True
Is 130844977 a composite number?
True
Is 2932145 prime?
False
Is 170848583 a prime number?
False
Is 745547 composite?
True
Is 24532721 a composite number?
False
Is 1736639 a prime number?
True
Is 111801691 composite?
False
Is 14678441 a prime number?
False
Is 473925629 prime?
False
Is 25189427 a composite number?
True
Is 21776317 a prime number?
True
Is 8387941 a composite number?
True
Is 2644127 a composite number?
False
Is 34118387 composite?
False
Is 5075249 prime?
False
Is 3911911 prime?
True
Is 270207391 composite?
False
Is 3564707 a composite number?
False
Is 2145617 a prime number?
True
Is 69653 a prime number?
True
Is 5608871 prime?
True
Is 23797639 prime?
True
Is 37535639 a prime number?
True
Is 9594073 composite?
False
Is 1287859 a prime number?
False
Is 14565823 a prime number?
True
Is 7435151 composite?
False
Is 22795105 a composite number?
True
Is 1980929 prime?
True
Is 131375459 composite?
False
Is 88120657 composite?
False
Is 1347097 a composite number?
True
Is 286761313 a prime number?
True
Is 30434101 a prime